 = -81088*s + 162263. Give v(2).
87
Let k(w) = 5177*w - 108702. Give k(21).
15
Let x(a) = 43763*a + 1094075. Determine x(-25).
0
Let f(g) = g**3 + 215*g**2 + 640*g + 761. What is f(-212)?
-87
Let y(t) = -2*t**2 - 38417*t + 115239. What is y(3)?
-30
Let o(c) = -4468*c + 2368036. Give o(530).
-4
Let c(h) = 2*h**3 + 5*h - 33. Determine c(4).
115
Let n(j) = -229*j**2 + 795*j + 6. Give n(2).
680
Let t(j) = 999*j - 978. Give t(0).
-978
Let b(h) = 14*h**2 - 100*h + 131. Calculate b(0).
131
Let f(r) = -48*r**3 - r**2 - 12449*r - 12447. Calculate f(-1).
49
Let z(k) = 968*k**2 + 42596*k + 128. Give z(-44).
-48
Let n(l) = 1277*l + 95754. What is n(-75)?
-21
Let q(r) = 7*r**3 + 1790*r**2 + 6551*r - 206. What is q(-252)?
46
Let p(s) = -28500*s - 826512. Give p(-29).
-12
Let i(u) = -315*u + 7043. Determine i(23).
-202
Let g(b) = -b**2 + 4209*b + 33644. Give g(-8).
-92
Let j(f) = -741*f + 9014. Give j(13).
-619
Let w(o) = -485*o - 536. What is w(-5)?
1889
Let v(l) = 108*l**2 + 219*l - 704. What is v(4)?
1900
Let q(l) = -652*l - 344. What is q(-1)?
308
Let g(u) = 54563*u + 1309497. Give g(-24).
-15
Let b(j) = 7*j**2 - 69*j - 548. Determine b(16).
140
Let m(n) = -10645*n**2 + 170318*n + 21. What is m(16)?
-11
Let g(a) = -a**3 + 10*a**2 - 33*a - 109. What is g(-2)?
5
Let k(p) = -p**3 - 22*p**2 + 304*p - 169. Give k(-32).
343
Let x(y) = -3395*y - 291903. Calculate x(-86).
67
Let z(a) = a**2 - 354*a - 1074. Give z(357).
-3
Let r(l) = -2*l**2 - 12*l + 2107. What is r(-37)?
-187
Let f(d) = d**2 - 319*d + 7435. Calculate f(25).
85
Let u(t) = t**3 + 13*t**2 + 592*t + 2249. Determine u(-4).
25
Let b(y) = 2*y**3 - 79*y**2 + 709*y + 742. Give b(24).
-98
Let a(w) = -516*w - 24857. Give a(-48).
-89
Let m(o) = 388*o**2 - 7360*o + 29. Calculate m(19).
257
Let y(t) = -t**3 - 220*t**2 + 1849*t + 6066. Calculate y(-228).
366
Let x(o) = 12*o**2 - 1678*o - 17969. Give x(-10).
11
Let v(f) = 2*f**3 - 475*f**2 - 182*f - 13327. Determine v(238).
1
Let j(f) = -f**3 - 11*f**2 + 49719*f + 695688. Give j(-14).
210
Let d(b) = b**3 - 47*b**2 - 69*b + 972. Determine d(-5).
17
Let n(u) = 398*u**2 + 308*u - 300. What is n(1)?
406
Let c(w) = 7*w**2 + 70*w + 126. Give c(-3).
-21
Let b(d) = 56048*d + 504408. Give b(-9).
-24
Let s(d) = -d**2 + 99*d - 1046. What is s(8)?
-318
Let c(y) = y**3 - 80*y**2 - 4493*y + 357377. Determine c(81).
5
Let b(o) = -21272*o - 1297618. Give b(-61).
-26
Let k(m) = 7*m**2 - 208*m + 350. Calculate k(30).
410
Let x(o) = o**3 - 32*o**2 + 14*o + 950. What is x(28)?
-1794
Let z(q) = 5*q + 1844. What is z(35)?
2019
Let a(g) = 13*g**2 + 3962*g - 4. Determine a(0).
-4
Let n(v) = -v**3 - 26*v**2 - 110*v + 192. Determine n(-20).
-8
Let w(x) = 74*x**2 - 1701*x - 1754. Determine w(-1).
21
Let p(s) = s**3 - 80*s**2 - 922*s - 2382. Give p(-4).
-38
Let r(c) = -6*c**2 - 136*c - 266. Give r(-3).
88
Let a(p) = -3*p**3 + 551*p**2 - 336*p - 5444. What is a(183)?
46
Let a(d) = -3590*d + 531302. Determine a(148).
-18
Let i(d) = -27*d**2 - 465*d - 21. Determine i(-16).
507
Let d(j) = -j**3 - 242*j**2 - 24*j + 165584. What is d(-239)?
-43
Let f(z) = -16*z**3 + 1014*z**2 - 7829*z - 15. Calculate f(9).
-6
Let h(z) = 609*z**2 + 3027*z - 91. Give h(-5).
-1
Let o(n) = -2887*n**2 - 115480*n - 14. Give o(-40).
-14
Let l(j) = -1630*j + 805168. Calculate l(494).
-52
Let j(o) = 1829*o + 24635. Give j(-14).
-971
Let y(w) = 3*w**3 + 34*w**2 - 9908*w - 99469. Give y(-10).
11
Let n(w) = 3*w**3 + 380*w - 2386. What is n(6)?
542
Let m(a) = a**3 + 5*a**2 - 23*a - 16. What is m(-8)?
-24
Let x(a) = -a**2 - 234*a - 7475. Determine x(-38).
-27
Let k(v) = 3*v**3 + 281*v**2 + 995*v + 237. Calculate k(-90).
-213
Let d(l) = 113*l - 3447. Calculate d(50).
2203
Let k(f) = 2*f**2 - 2656*f + 13235. Give k(5).
5
Let r(s) = 14*s**3 - 289*s**2 - 108*s + 69. Calculate r(21).
6
Let w(p) = 91*p**2 - 2363*p + 14992. Determine w(11).
10
Let l(c) = 22*c**3 + 97*c**2 + c + 2. What is l(-5)?
-328
Let i(s) = -23*s**2 + 311*s - 935. Calculate i(3).
-209
Let t(p) = 12932*p - 1215621. What is t(94)?
-13
Let t(i) = 60*i**2 + 1235*i + 154. Calculate t(-20).
-546
Let j(c) = 112*c - 1315. What is j(4)?
-867
Let g(r) = 1505*r + 70843. What is g(-47)?
108
Let f(a) = a**3 - 70*a**2 - 22*a + 6279. Determine f(69).
0
Let k(b) = 18216*b - 145701. Give k(8).
27
Let o(p) = 479*p - 25040. Calculate o(49).
-1569
Let r(y) = y**3 + 26*y**2 + 114*y - 126. What is r(-20)?
-6
Let x(m) = -37*m**2 + 390*m + 1709. Give x(12).
1061
Let w(x) = 32*x**3 - x**2 - 143*x - 445. Calculate w(-3).
-889
Let w(h) = 963*h + 121439. What is w(-126)?
101
Let s(u) = -271*u**2 + 1463*u - 548. Calculate s(5).
-8
Let t(x) = -x**3 + 110*x**2 - 303*x - 33329. Give t(104).
55
Let m(p) = -275*p - 36802. What is m(-133)?
-227
Let w(k) = 12*k**2 + 337*k + 428. Calculate w(-14).
-1938
Let r(j) = j**3 + 215*j**2 + j + 332. Give r(-215).
117
Let h(w) = 2*w**3 - 11*w**2 + 18*w + 19. What is h(5)?
84
Let t(j) = 117*j**2 - 27152*j - 277. Calculate t(232).
-2133
Let v(f) = -3736*f + 70964. Calculate v(19).
-20
Let j(n) = n**3 - 132*n**2 - 15812*n - 571. What is j(-76)?
-267
Let p(t) = -21*t**3 - 4*t**2 - 8*t - 26. Determine p(4).
-1466
Let w(f) = 17*f**2 - 650*f - 74403. Determine w(88).
45
Let w(k) = 2497889*k + 89924005. Determine w(-36).
1
Let m(i) = 2534*i - 40521. Give m(16).
23
Let c(q) = -38*q**3 - 18*q + 64. Give c(3).
-1016
Let u(q) = -188*q + 1955. Give u(13).
-489
Let y(d) = -2*d**3 + d**2 + 204*d + 366. Determine y(-9).
69
Let r(a) = 2429*a + 119000. Calculate r(-49).
-21
Let j(f) = 18377*f + 735082. Determine j(-40).
2
Let a(t) = -779*t + 352867. Determine a(453).
-20
Let k(t) = 3*t**3 + 4387*t**2 + 180329*t - 15619. Determine k(-1420).
1
Let q(o) = -167267*o + 1338135. Give q(8).
-1
Let a(n) = -n**3 - 182*n**2 - 1811*n - 261183. Calculate a(-180).
-3
Let j(o) = o**3 - 68*o**2 - 200*o + 9072. Determine j(69).
33
Let x(a) = 5*a**2 + 546*a - 5185. What is x(-118)?
7
Let z(h) = -381*h + 57954. What is z(152)?
42
Let c(i) = 3441*i - 3748. Calculate c(1).
-307
Let f(d) = d**3 + 7*d**2 + 266*d + 1925. Calculate f(-7).
63
Let k(c) = -148*c + 1394. Determine k(-10).
2874
Let y(n) = -39813*n + 238011. Calculate y(6).
-867
Let d(l) = -2*l**2 + 117*l + 5431. Calculate d(-40).
-2449
Let q(f) = -2*f**3 + 17*f**2 - 62*f + 301. Give q(7).
14
Let c(u) = -657*u**3 - 90*u**2 - 85*u + 4. What is c(-1)?
656
Let y(t) = -7*t**3 - 418*t**2 + 137*t + 1039. Determine y(-60).
19
Let t(o) = o**3 - 269*o**2 + 1430*o - 384680. Give t(269).
-10
Let y(n) = n**2 + 161*n + 4394. Calculate y(-66).
-1876
Let w(a) = -4*a**3 + 22*a**2 + 179*a - 687. What is w(8)?
105
Let t(y) = 27*y**3 + 403*y**2 - 49*y + 13. Calculate t(-15).
298
Let r(f) = f**3 - 466*f**2 + 3197*f + 5957. Give r(459).
-1387
Let x(t) = -2*t**3 + 928*t**2 + 2733*t + 32240. What is x(467)?
17
Let w(u) = -2*u**2 + 115*u + 302. Calculate w(62).
-256
Let c(n) = -3*n**3 + 11*n**2 + 1247*n - 3751. Calculate c(3).
8
Let m(i) = -i**2 - 36292*i - 435352. Calculate m(-12).
8
Let i(m) = -113*m - 27416. Give i(-202).
-4590
Let v(p) = -1809*p - 160971. What is v(-89)?
30
Let y(g) = -59*g**3 - 455*g**2 + 141*g + 42. Give y(-8).
2
Let x(v) = v**3 + 7*v**2 - 49*v - 46. Give x(-9).
233
Let x(w) = -11*w**2 - 3367*w + 6751. Calculate x(2).
-27
Let h(n) = -233850*n - 467727. Give h(-2).
-27
Let k(r) = r**3 + 11*r**2 + 244*r - 1625. What is k(5)?
-5
Let f(y) = 147*y + 13721. What is f(-94)?
-97
Let j(l) = l**3 + 15*l**2 + 161*l + 3. Give j(-15).
-2412
Let v(b) = -b**3 + 47*b**2 - 298*b + 749. Calculate v(40).
29
Let r(m) = -1562*m - 1324. What is r(-1)?
238
Let r(u) = 2*u**2 + 578*u - 13058. What is r(-310)?
-38
Let b(g) = -g**3 + 78*g**2 - 1558*g + 1802. What is b(41)?
121
Let q(o) = -74*o**2 + 1718*o - 280. Determine q(23).
88
Let d(a) = 3*a**3 - 6*a**2 + 2153*a - 12953. Calculate d(6).
397
Let p(n) = -n**3 - 398*n**2 + 4076*n - 16. Give p(10).
-56
Let j(s) = 2*s**2 + 3493*s - 869634. Calculate j(221).
1
Let u(p) = 798*p - 94344. Calculate u(119).
618
Let a(y) = -2817*y - 459164. Determine a(-163).
7
Let x(u) = -u**2 - 123*u - 3227. Calculate x(-38).
3
Let d(c) = 2*c**3 - 131*c**2 + 473*c - 18136. What is d(64)?
-152
Let n(g) = -11*g**2 - 809*g - 998. Determine n(-71).
990
Let k(y) = -2*y**2 + 126*y - 1476. Calculate k(44).
196
Let c(p) = -13795*p - 26208